6
Suppose 8595 = 5*a + 5*h, -102*h = -a - 99*h + 1703. Calculate the remainder when a is divided by 66.
65
Let q(v) = 16*v**3 - v**2 - 5*v + 4. Let r be q(2). Suppose -5*b + r + 652 = 0. Calculate the remainder when b is divided by 20.
14
Let o = -225 + 224. Calculate the remainder when 3*325/15 + 2 + o is divided by 34.
32
Let v = 1348 + -911. What is the remainder when v is divided by 67?
35
Let k(o) = -8*o + 48. Let d be k(6). Let l(c) = -c**2 + 6*c - 2. What is the remainder when -369*10/(-90) + (-2 - d) is divided by l(4)?
3
Let x(a) = -2*a**2 + 21*a - 43. Let y be x(7). Suppose t = 2*r + 19, t - r = 8 + y. Calculate the remainder when 89 is divided by t.
8
Let r(f) = -13*f + 78. Let h be r(20). Let j = 359 + h. Calculate the remainder when j is divided by 26.
21
Suppose -39*m = -37*m - 4. Suppose -99 = -m*g + v, 48 = g - 2*v - 0*v. Calculate the remainder when g is divided by 9.
5
Suppose 3270 = q - 3*g, -4*q + 16238 = q + g. Calculate the remainder when q is divided by 7.
1
Suppose -26*r = -45 - 215. What is the remainder when 118 - ((-11 - -4) + r) is divided by 30?
25
Suppose 5*r + 2*x + 579 = 0, -14*x = 4*r - 19*x + 450. What is the remainder when 296 is divided by r + 193 + 4/(-2)?
68
Let y be 2 + -6 - 5/(-5)*-8. Let v(s) = 29*s**2 - s**3 - 40*s**2 - s - 29 + 2*s. Calculate the remainder when v(y) is divided by 15.
13
Let f(c) = c**3 - 13*c**2 + 23*c + 35. Let k be f(11). Let d be 595 + (0/3 - -1). Suppose 0 = 5*u - d + k. What is the remainder when u is divided by 16?
14
Suppose -9*n - 957 = -3158 - 3217. Calculate the remainder when n is divided by 591.
11
Suppose 5*d + 4*a - 253 = 70, -4*a = -2*d + 118. Calculate the remainder when 399 is divided by d.
21
Let o(h) = -295*h**3 - h**2 - 2*h - 2. Let a be o(-1). Let i = a - 182. Suppose -i = -13*f + 9*f. Calculate the remainder when 53 is divided by f.
25
Let j = -973 - -1022. Calculate the remainder when (-3 + -70)/((-5)/20) is divided by j.
47
Let q = 25 + -11. What is the remainder when 2462/20 + ((-1112)/(-80) - 14) is divided by q?
11
Let x(k) = -k**3 - 152*k**2 - 9*k - 1308. Calculate the remainder when 283 is divided by x(-152).
43
Let a = -32 - -32. Suppose -3*h = -5*o - 1 + 18, -4*h + o = a. Calculate the remainder when 11 + h/(-1)*2 is divided by 6.
3
Let n(z) = z**2 + 23*z - 4 + 6 - 4 + 13. Calculate the remainder when n(-26) is divided by 26.
11
Let n = 174 - 165. Suppose n*i = 13*i - 16. Calculate the remainder when 22 is divided by i.
2
Let f = -3 + 5. Calculate the remainder when 32 - f/(-3)*-6 is divided by (-44)/(-3) + ((-27)/3)/(-27).
13
Suppose 0 = -219*l - 1107 + 3297. Suppose 2*w + 5*f - f - 18 = 0, -3*f - 84 = -5*w. What is the remainder when w is divided by l?
5
Let t = -178 - -218. Suppose 0 = 5*h + 2*b - 776, -5*h = -0*b + 5*b - 785. What is the remainder when h is divided by t?
34
Suppose 0 = 919*s - 5842 - 29999. Suppose -4*t - t + 785 = 5*j, 3*j = -t + 167. Calculate the remainder when t is divided by s.
35
Suppose 25*i = 298 + 52. Suppose i*k - 55 + 13 = 0. Calculate the remainder when 7 is divided by k.
1
Let w(c) = -c**3 + 13*c**2 - 19*c - 31. Let l be w(11). Suppose -4*h = l*a - 106, -4*h + 33 + 93 = -2*a. What is the remainder when h is divided by 11?
7
Suppose -261*y + 267*y = x - 53, -2*x + 2*y + 56 = 0. Calculate the remainder when 1344 is divided by x.
10
Let j(s) = 10*s + 2. Let i(k) = -k**3 - 7*k**2 + 3*k + 9. Let n be i(-5). Let g = n + 73. Calculate the remainder when j(3) is divided by g.
15
Calculate the remainder when (-1254)/(-2) + 19 + 2 + -26 is divided by 6.
4
Suppose 0 = 2*n - 4 - 18. Let r be ((-36)/14)/(-1*5/175). Suppose -262 = -5*a - 2*d, -4*a - 2*d + r = -120. Calculate the remainder when a is divided by n.
8
Suppose 27*r + 38 = 52*r - 637. What is the remainder when 516 is divided by r?
3
Let a = 917 - -1631. Let s = 8 - 5. Calculate the remainder when a/84 - 5/((-45)/(-12)) is divided by s.
2
Let y be (-5 - 198/(-24)) + (-2)/8. Suppose 4*h = 3*m + 211, -2*h + 225 = y*h + 4*m. What is the remainder when 173 is divided by h?
26
Suppose 123 = v - 4*b, v - 2*v - 2*b = -93. Suppose p = 5*u + 53 + 24, p = 3*u + 67. Calculate the remainder when v is divided by p.
51
Suppose c - 4*r + 2 = -2, 5*c + 20 = -2*r. Suppose 2*k - a - 170 - 125 = 0, 8*k = -2*a + 1150. What is the remainder when k is divided by (159/(-12) + 1)*c?
47
Suppose -359*k + 1873 = -873 - 485. Suppose 3*t + 3*i = 216, 5*i - 86 = -3*t + 138. Calculate the remainder when t is divided by k.
5
Let v = 380 - 223. Suppose -2*h + 74 = -2*s, -62*h + 67*h - 4*s - 193 = 0. What is the remainder when v is divided by h?
22
Let n = -2151 - -2926. Calculate the remainder when n is divided by 18.
1
Suppose 17*d - 6*d - 66 = 0. Suppose -d*b = 2 - 104. What is the remainder when 67 is divided by b?
16
Let i be 2/6*(-4 + 349). Let v = 198 - i. Let w(m) = -4*m**2 - 284*m + 28. Calculate the remainder when v is divided by w(-71).
27
Suppose 2*g - 38 = -h, -5*h + 98 = g + 61. What is the remainder when 104 is divided by g?
2
Let g(t) = 3*t**2 + 201*t + 957. Calculate the remainder when 913 is divided by g(-5).
22
Let i = 11447 - 11418. What is the remainder when 367 is divided by i?
19
Let l(y) = -y**3 + y**2 + y + 7. Let o = -30 + 45. Suppose 5*d = 5*s + o, 8*s - 4*s - 2*d = -6. What is the remainder when l(s) is divided by 2?
1
Let d = -32 - -32. Suppose d = -3*p + 1 + 5. Calculate the remainder when 17/p*(-9 + 13) is divided by 12.
10
Let w(j) = j**3 - 6*j**2 + 96*j - 1103. What is the remainder when w(13) is divided by 37?
33
Let r(l) = l - 5. Let k be r(20). Let a be ((-186)/k - -4)/(6/(-40)). Suppose -x = 3*x - a. Calculate the remainder when 41 is divided by x.
13
Suppose 19*l + 4*d + 188 - 543 = 0, -2*l - 4*d + 66 = 0. What is the remainder when 22 is divided by l?
5
Let p(d) = 3*d**2 - 2*d + 1. Let g be p(1). Calculate the remainder when ((-329)/105*6)/(g/(-5)) is divided by 6.
5
Calculate the remainder when 2391 is divided by ((-4510)/(-82))/((-25)/(-10)).
15
Suppose 2*w - a - 317 = 0, -11*w - 2*a - 477 = -14*w. Let z = -143 + w. What is the remainder when 150 is divided by z?
10
Suppose 8*t - 9*t - 81 = -2*b, b + t = 42. Suppose -45*f + 232 = -b*f. Let n = -42 + f. What is the remainder when 63 is divided by n?
15
Let h(k) = 15*k + 115. Let w(b) = -29*b - 228. Let q(p) = 5*h(p) + 3*w(p). Let y = -3 + 13. Calculate the remainder when q(-12) is divided by y.
5
Suppose 321 = -4*s + 625. What is the remainder when s is divided by 60?
16
Suppose 119*m - 270*m = 187*m - 31772. What is the remainder when 462 is divided by m?
86
Let q = -206 - -206. Let k = q + 24. Calculate the remainder when k is divided by 2.
0
Let z = 270 + -265. Suppose -3*w - 5*a = -307, -z*w + 89 = -4*w - 5*a. What is the remainder when w is divided by 50?
49
Let r = 612 - 354. What is the remainder when 525 is divided by r?
9
Let d = 2625 - -4073. What is the remainder when d is divided by 4?
2
Suppose -20*q = -q + 399. Calculate the remainder when 290 is divided by (q/5)/(69/(-805)).
45
Suppose 40*h - 355 = -64*h + 4949. What is the remainder when h is divided by 38?
13
Let p(r) = 6*r**3 + r**2 - 19*r + 39. What is the remainder when p(6) is divided by 5?
2
Let k(z) = z**3 + z**2 - z + 9. Let m = 9 - -52. Suppose -m*x + 62*x = 0. Calculate the remainder when 16 is divided by k(x).
7
Let f(b) = -129*b**2 - 134*b + 1. Calculate the remainder when 6170 is divided by f(-1).
2
Suppose -84 = -2*c + 3*j, -86 = -2*c + 7*j - 5*j. Calculate the remainder when 151 is divided by c.
16
Suppose 0 = -0*g - 5*g + 20. Suppose 0 = g*r + 4*v - 76, -5*r + r + 5*v + 58 = 0. Suppose -n + 0*n = -99. What is the remainder when n is divided by r?
14
Let w = 182 - 174. Suppose -w*v = 5*v - 520. What is the remainder when v is divided by 22?
18
Suppose 31*p - 32*p - 3562 = -5*f, 3*p - 1435 = -2*f. Calculate the remainder when f is divided by 42.
41
Let w = 465 + 286. Calculate the remainder when w is divided by 90.
31
Let w = -107 + 154. Suppose 44*j + 5017 = 15827 - 468 + 18566. What is the remainder when j is divided by w?
46
Let t = 94 - 95. Let p(b) = -5*b + 10. What is the remainder when p(t) is divided by 6?
3
Suppose 0 = 4*s - l + 1885 - 10458, -4*l + 4300 = 2*s. Suppose 15*b = 871 + s. Calculate the remainder when b is divide